 are the prime factors of d(o)?
2
Let d = 573 + -181. List the prime factors of d.
2, 7
Suppose -3*t + 3 = 18, -40 = -4*c + 4*t. Suppose -3*g - 142 = -c*q, 5*q + g - 111 = 15. What are the prime factors of q?
2, 13
Suppose 3*u + 289146 = 69*u. What are the prime factors of u?
13, 337
Let l(w) = w - 1. Suppose 0 = p + 5*u + 24, -p + 4*u + 7 = -14. Let g(f) = -1. Let k(n) = p*l(n) - g(n). What are the prime factors of k(4)?
2
Let r(j) = 12*j + 98. Let a(l) be the third derivative of -l**4/3 - 65*l**3/6 - 8*l**2. Let y(b) = -7*a(b) - 5*r(b). List the prime factors of y(-14).
3, 7
Let b be 0*(2 + (-4 - -3))*1. Suppose n - 7 = -3*j + 91, -2*j + 8 = b. What are the prime factors of n?
2, 43
Suppose -14 - 6 = -4*w + 4*u, 5*u = 4*w - 25. Suppose 15 = -0*o + 5*o - 4*v, w = v. List the prime factors of o.
3
Suppose -3*z = w - 574, 3*z = 5*z - 4*w - 406. What are the prime factors of z?
193
Let o(v) = v**2 + 10*v - 20. List the prime factors of o(17).
439
Let s = -5 + 11. Suppose -y - s = -2*i, 4*i - 4*y - 2 = 10. What are the prime factors of i?
3
Suppose -36*n + 32*n - 4 = 0. Let p(i) be the second derivative of -31*i**5/20 - i**4/12 - i**3/3 - i**2/2 + 2*i. What are the prime factors of p(n)?
31
Let y(n) = 7*n**2 + 16*n - 8. Let l be y(-8). List the prime factors of (16/(-24))/((-2)/l).
2, 13
Suppose -50*j + 63*j = 36127. List the prime factors of j.
7, 397
Let r = 26 + -25. Let y = -32 + 45. List the prime factors of (y + -2 - 2) + r.
2, 5
Suppose 25*v - 1602 = 22*v. List the prime factors of v.
2, 3, 89
Suppose -2*q + 70 = 5*s, q + 4*s = -4*q + 141. Let k = q - 22. Suppose -p + 6*p = -2*g + 108, -k*p = 0. List the prime factors of g.
2, 3
Suppose 3*s - 8 = l, 4*s - l + 0*l - 10 = 0. Suppose r - 5 = -s. Suppose 0 = -r*z + 2*u - 9 + 27, 3*z - 4*u = 18. What are the prime factors of z?
2, 3
Let n = -628 - -1058. What are the prime factors of n?
2, 5, 43
Let f = 1517 - 61. What are the prime factors of f?
2, 7, 13
Suppose 0 = 41*z - 38*z + 18. List the prime factors of 835/7 + z/21.
7, 17
Let l(c) = -c**3 + 6*c**2 - 6*c. Let r be l(4). Let d be (-2)/r + 3/12. List the prime factors of (-1 - d)*-11 + -3.
2
Let t(u) = 20*u**2 + 7*u - 27. List the prime factors of t(8).
7, 11, 17
Let p be 2/9 + (-1402)/(-9) + -4. Suppose 0 = -8*y + 12*y - p. List the prime factors of y.
2, 19
Let c(o) = 326*o**3 - 1. What are the prime factors of c(1)?
5, 13
Let g(y) = y**3 + 3. Let x be g(0). Suppose x*b - 595 = o - 63, 2*o + 174 = b. List the prime factors of b.
2, 89
Suppose i + 48 = -3*i. List the prime factors of (122/(-2))/(i/12).
61
Suppose -5*t + 5 = 0, -3*u + 2*t - 2 = -0*t. Suppose u*c + c - 3 = 0. Suppose -4*b + 161 = c*d, -130 = -4*d + 3*b + 93. List the prime factors of d.
5, 11
Suppose -39*d = -8575 - 20129. List the prime factors of d.
2, 23
Suppose 8*x - 37 - 315 = 0. List the prime factors of x.
2, 11
Let d(p) = -6*p + 96. What are the prime factors of d(-7)?
2, 3, 23
Suppose 0 = -6*p + 3*p + 3. Let u be -16 + 3 + (-2 - p). List the prime factors of 1*(-9)/3 - u.
13
Let v(y) = y**2 + 6*y + 3. Let q be v(-6). Suppose -q*w = 2*w - 35. What are the prime factors of w?
7
Let o(l) = -l**3 - 13*l**2 - 12*l + 15. List the prime factors of o(-16).
3, 5, 13
Suppose 24 = 3*u - 45. Let p = u + -21. Suppose p*w + w - 36 = 0. What are the prime factors of w?
2, 3
Suppose -950 + 190 = -4*z - 4*r, -2*r = -2*z + 360. What are the prime factors of z?
5, 37
Let v(k) = -k**3 - 7*k**2 - 3*k - 4. Suppose 3*i + 5 = -19. Let o be v(i). List the prime factors of (o/10)/((-11)/(-55)).
2, 3, 7
Suppose 16*u - 12*u = -3*s + 1608, 806 = 2*u + 2*s. What are the prime factors of u?
3, 7, 19
Let p be 44/(-22) + 1 + 1855. Suppose -21*v - p = -30*v. What are the prime factors of v?
2, 103
Let w be (-15)/(-5)*(24 + -3). Suppose 104 = -3*a + 5*v, -5*v = 3*a + w + 31. Let s = a - -35. What are the prime factors of s?
2
Let j be -1*((-9)/(-3) + -3). Suppose r - 40 - 17 = j. What are the prime factors of r?
3, 19
Let s(j) = 660*j + 8. What are the prime factors of s(1)?
2, 167
Let u(k) = k**3 - 11*k**2 - 116. List the prime factors of u(18).
2, 269
Let h = -65 - -122. Let i = -40 + h. Suppose -47 = -3*r + 4*m - i, -34 = -2*r - 2*m. What are the prime factors of r?
2, 7
Let o = 76 - 53. Let c = 35 - o. What are the prime factors of (3/(c/(-16)))/(-2)?
2
Let i = 44 - -1337. What are the prime factors of i?
1381
Let p = 464 - 49. Suppose -5*g + 295 = -p. What are the prime factors of g?
2, 71
Let b(a) = 84*a - 162. What are the prime factors of b(30)?
2, 3, 131
Let g = -8871 - -12965. List the prime factors of g.
2, 23, 89
Suppose 25*g - 5*s - 8935 = 20*g, g - 4*s = 1802. What are the prime factors of g?
2, 3, 11
List the prime factors of (-3566325)/(-1750) + ((-6)/20)/(-3).
2, 1019
Let p(y) = -598*y**3 - y**2 + y + 1. What are the prime factors of p(-1)?
3, 199
Let t(c) = 11*c**3 - 2*c**2 + 10. List the prime factors of t(4).
2, 11, 31
Suppose -16*z + 5 = -11*z. List the prime factors of (11/((-99)/(-138)))/(z/3).
2, 23
Let u(q) = -q**3 - 6*q**2 - 5. Let l be u(-5). Let a = -30 - l. Suppose 4*c - 46 - 6 = a. List the prime factors of c.
13
What are the prime factors of 3/6 - (-12308)/8?
3, 19
Let z(o) = 0*o + 0*o - 11 + 2*o + 1. Let i be z(6). List the prime factors of (12*i - 2) + 3.
5
What are the prime factors of 329 - (7 + (-20)/4)?
3, 109
List the prime factors of 0 + 452 - (-33 + 27).
2, 229
Let k be (-10)/(-45) + 2/(-9) + 0. Suppose k = 5*i - 685 - 315. What are the prime factors of i?
2, 5
Suppose 18*a - 12 = 20*a. List the prime factors of 36 + a/3*2.
2
Let f = 166 + -114. List the prime factors of f.
2, 13
Suppose 7*l - 3*l + n = 3059, n = 5*l - 3826. What are the prime factors of l?
3, 5, 17
Let p(o) = -o - 7. Let g be p(2). List the prime factors of (-1 - -4)/(8*g/(-2976)).
2, 31
Let m(p) = -4*p + 3*p - p + 115 + 43. What are the prime factors of m(0)?
2, 79
Let y = -1403 + 2602. List the prime factors of y.
11, 109
Suppose -19 + 1 = -6*h. Suppose -6*u = h*u - 1107. What are the prime factors of u?
3, 41
Let a be 176/(-3) + 8/(-6) + 1. Let v = 146 + a. What are the prime factors of v?
3, 29
Let m = 222 + -114. Let i = -80 + 5. Let o = m + i. What are the prime factors of o?
3, 11
Let l(d) = -d**3 - 13*d**2 - 15*d - 2. Suppose -3*t = -4 + 40. Let y be l(t). Suppose 3*j + y + 50 = 3*p, -6 = 3*j. What are the prime factors of p?
2, 13
What are the prime factors of (-2)/4 - 1/((-10)/6295)?
17, 37
Let s = -40 + 74. Suppose s = 5*v - 101. What are the prime factors of v?
3
Let w(f) = f**2 - 17*f - 17. Let s(z) = 3*z**2 - 34*z - 33. Let g(u) = 2*s(u) - 5*w(u). List the prime factors of g(-18).
37
Suppose -5 - 1 = -s + 3*j, 4*s - 5*j - 17 = 0. Suppose 119 = s*i - 103. List the prime factors of i.
2, 37
Suppose 223*o - 2398 = 222*o. What are the prime factors of o?
2, 11, 109
Let k be 2/3*(19 - 16). Suppose -3*h - 6*x + 94 = -5*x, 0 = 4*h + k*x - 124. Let f = h + 8. List the prime factors of f.
2, 5
List the prime factors of 3 - -257 - 30/5.
2, 127
Let i(z) = 19*z + 2. Let x(f) = -37*f - 4. Let u(p) = 7*i(p) + 4*x(p). List the prime factors of u(-8).
2, 59
Suppose -6*x + 16*x - 1570 = 0. What are the prime factors of x?
157
Let b(z) = -5*z + 7. Let j(u) = -5*u + 6. Let m(d) = 5*b(d) - 6*j(d). Let h be m(-6). Let c = h - -47. List the prime factors of c.
2
Let h be (26 - 5) + 1*2. Let l = h - 4. What are the prime factors of l?
19
Let p be (-3 - -21)*1/3. List the prime factors of (p/(-5))/(2/(-65)).
3, 13
Suppose -5425 = -58*f + 51*f. List the prime factors of f.
5, 31
Let b(n) = 8*n**3 - 2*n**2 - 2. Let z be 3 + ((-6)/2)/3. What are the prime factors of b(z)?
2, 3
Suppose 2*i = -4*y - 0*i + 1296, 3*y - 2*i - 972 = 0. What are the prime factors of y?
2, 3
Let v = 774 + -733. List the prime factors of v.
41
Let l(t) = -t**2 + 4*t - 1. Let z be l(3). Let h be (5/z)/(4/8). Suppose -5*i = -h*j, 4*j - j - 24 = -5*i. List the prime factors of i.
3
Let n = 2776 + 133. What are the prime factors of n?
2909
Let a = -58 - -138. What are the prime factors of ((-27)/3)/((-12)/a)?
2, 3, 5
Let j be (0 - 0) + (-3 - -1). Let g be -7 - ((2 - j) + -3). Let x(q) = -3*q + 4. What are the prime factors of x(g)?
2, 7
Suppose -5*u = -23 + 3. Suppose -5*o = -b + 101, -7*b + u*o = -2*b - 421. What are the prime f